16)?
17
1 + -14 + 59 + -129 + (8 - -26)
-49
2 - (-423 + 391 + (55 - -1))
-22
What is the value of -14555 + 14590 - (-1 - (-1 + 2) - -8)?
29
What is 8 - (26 + -22) - (0 - -14) - (-2 - 58)?
50
59 - (85 - 206 - -99)
81
Calculate (81 - 4) + (-4 - -9) + -63 + 49.
68
51 + 23 + -26 + -20
28
What is 44 + 0 + (-5429 - -5392)?
7
What is 26 + 11 + -8 + (10 + (2 - -5) - 11)?
35
Evaluate (2 - (-16 + -15 + 45)) + -66.
-78
16 + 18 + -7 + 1 + -5 - -9
32
What is the value of (-90 - (-6 - -2)) + (0 - (-10 + 38)) + 38?
-76
What is 77 + -196 + 68 + (-20 - 7)?
-78
-95 + (22 - (12 - -6)) + -1 + 0
-92
Calculate (19 - 0) + (-118 - (133 + -150)) + -6.
-88
What is 37 + 47 + (-107 - 4)?
-27
Calculate 39 - (138 - (-42 - -119)).
-22
What is (0 + -3 - 0) + (180 - 141)?
36
What is the value of -38 + -10 + 28 + -6?
-26
Evaluate -13 - ((23 - (3 - 1)) + 903 + -899).
-38
What is 15 - ((18 - -2) + -10 + -5 + 3)?
7
What is -6 - -33 - (-30 + 53 + -13)?
17
What is 1 + -2 + -5 - (-13860 - -13847)?
7
What is 4 - -51 - -5 - (3 - 3 - (-24 - -15))?
51
10 + -6 - (-217 - -219 - (61 + 0))
63
-1 + -15 + -120 + (126 - 19)
-29
(10 - 3) + (-29 - (3 + -25 - -61))
-61
14 - (15 - 18) - (-2 + 33)
-14
What is 3 - 2 - (-77 + (-10 + 26 + 3 - 2))?
61
Evaluate -98 + (7 + 2 - 4) - (2 + 28 + -24).
-99
Evaluate -19 + (5 + 1 - (-7 + 0) - (9 + 18)).
-33
What is the value of -16 + 15 - (16 - (10 + -9))?
-16
Evaluate 24 + (-82 - 4) + 29 + -71.
-104
What is -1 - (-137 + (69 - 2))?
69
What is 41 + (-9 - -7) - (-2 + 14) - -2?
29
What is the value of -29 - ((45 - -25) + -45 + -152)?
98
Evaluate (6 - 26) + -5 - (2 - -1).
-28
Calculate 3 - (10 + 0 + 38).
-45
50 + (-40 - 22) + -17
-29
What is -16 + (2 - (23 - (43 - 21)))?
-15
What is 5 - 11 - ((25 + -12 - 11) + -10)?
2
Calculate -5 + (-21 - -2 - 9) - ((1 - -11) + 0).
-45
(847 + -856 - (-24 + 2)) + 1
14
What is the value of (-53 + 69 - 14) + (12 - -3 - (-1 + -1))?
19
What is (-636 - -650) + 0 + 48 + -20?
42
What is (167 + -80 - 104) + 34?
17
-15 + -45 + (42 - 24) + -65 - (2 - 13)
-96
What is -55 + -89 + 155 - (1 + 102)?
-92
What is the value of (5 - 17) + 5 + 0 + 8 + -13?
-12
What is (-405 - -420) + (-1 - -1) - 34?
-19
-22 - -16 - (-36 + 25 + (2 - 80))
83
(105 + -3 - 5) + (474 - 481 - (6 + 0))
84
Evaluate (-23 - (23 + -31) - -36) + -68.
-47
What is -9 + 0 + 9 + (-9 - -4) - -14 - 43?
-34
Evaluate -62 + (-88 - -164) - (4 + (116 - 4) + -4).
-98
Evaluate 7 + 2 + -45 + 0 + 63 + -47.
-20
Evaluate -33 + 36 + 58 - 143.
-82
What is (-44 - (-14 - 35)) + -8?
-3
What is (-5 - 71) + (-1368 - -1513)?
69
47 + 43 + 33 + -31 + 19
111
124 - (40 + (-32 - 7 - -3))
120
Calculate -72 - (1702 - 1668 - (-1 + 32)).
-75
What is (-80 - -8 - -84) + (0 + -63 + -4 - 1)?
-56
What is the value of 1 + (-13 - -15) + 333 + -262?
74
-19 - ((-2 - (-14 - -29)) + -30)
28
Calculate -1 + 11 + (-64 + (53 - -6) - 51).
-46
-6 - (-100 + (1 - (16 - 6)))
103
Evaluate (61 - 0) + (-3431 - -3386).
16
What is -44 + 48 + 7 + (4 - (-11 + 4))?
22
What is the value of (2 - 12) + (-14 + (-99 - -8) - 28) + 1?
-142
(-31 - 29 - -32 - -17) + (54 - (0 - 0))
43
Calculate -71 - (413 - 465 - (1 + -39)).
-57
Evaluate (13 - 5) + -12 + -53.
-57
Calculate -1394 + 1450 - (0 - (8 - (8 + -4))).
60
Evaluate 14 + (-27 + 16 - 6) + -1 + -4 + 13.
5
Evaluate 218 + 135 + -271 + 46.
128
What is the value of -4 - -1 - (3 + 1 - -35 - (-480 + 467))?
-55
What is (-1 - (-16 + 5 - -13)) + 12 - 7?
2
52 + (-23 - 28) - (-1 + (0 - -35))
-33
What is 0 + -77 + 17 + -28 - -9 - (12 + 3)?
-94
What is the value of 52 + -30 + -7 - (9 - 72)?
78
Evaluate -20 + 3 - (-11 + -3) - 22.
-25
11 + (-18 - (5 - 33) - 51)
-30
25 - (20 - -17) - ((-9 - -19) + 38)
-60
What is the value of (68 - 37) + 37 - 56?
12
What is 20 + -16 + 2 + 7 - 28 - -120?
105
What is -52 + 48 + -7 + (-1 - (62 + -1 + -3))?
-70
What is the value of -13 - (7 + 4 + -15) - (340 - 339)?
-10
What is (-78 + 26 - -20) + 20 - (69 + -3)?
-78
(1 - (22 + -15)) + -36 + 82
40
What is (10 + -8 - 10) + -25 + 21 + 3?
-9
Calculate 9 - -2 - ((-26 + -12 - -19) + 4).
26
What is (-10 - (23 + -6)) + (30 - 2)?
1
What is -32 + (1 - (32 + 0 + -48 - (-9 + 1)))?
-23
Calculate 129 - (26 + (27 - (11 - -20))).
107
What is the value of 94 - ((-7 - -22 - 12 - -2) + 15)?
74
-50 - (23 - (35 - 7) - 15)
-30
-39 + (2 - (5 - -1) - 5 - (78 + -87))
-39
What is the value of (12 - -7 - (10 - -16)) + (7 - 60)?
-60
What is (-7 - (-6 - (50 - -1))) + (7 - 15)?
42
Evaluate 4 + (-44 - (-59 - -35) - -54).
38
20 + (-2 - (6 + 4)) + -81 + -8 + -9
-90
What is -21 + 0 - (-174 - -177) - 19 - 14?
-57
What is the value of 14 + (8 - -2) + -232 + 215 - (-1 + 52)?
-44
0 + 12 + (-12 + 17 - 17) + 22
22
Calculate 3 + -20 + -32 + 71 + -20 + -19.
-17
What is the value of (11 + 9 + -6 + -12 - 104) + (7 - 3)?
-98
Evaluate -106 + (16 - 5) + 89.
-6
Evaluate -2416 + 2285 - (1 + -4).
-128
What is (-4 - (-2 + -20)) + -5 - (23 + -3)?
-7
What is (-11 - -7) + 2 + 1 + 19 + 4?
22
84 + 27 + -63 + -8
40
Calculate -6285 + 6334 + 3 + (-3 - -1).
50
(-9 + 4 + 3 - -8) + -122 + 133 - 6
11
-78 - -2 - (-1 + 2 + (-18 - (-10 - -7)))
-62
What is (-37389 - -37405) + 2 + 2 + (-1 - -2)?
21
Calculate (34 - 3) + -36 + -79 + 28.
-56
What is the value of 30 + -32 - 22 - (-9 - -28)?
-43
What is the value of 24 + (-40 - 2) + 43 + 7?
32
Calculate -148 + 38 + (-60 + 25 - -17).
-128
(16 - 16) + (-16 - -44 - 21) + 13
20
4 + -7 + 9 + 6 + (-23 - 1) + 1
-11
What is the value of (7 - 42) + 89 - (10 - -5)?
39
Calculate (-5 - 6 - -8) + 25 + -6 + 15 + -5.
26
Evaluate (36 - -29) + -62 - (1 - (5 - (2 + -1))).
6
What is the value of (-30 - 5 - -20) + 17 - 14?
-12
What is the value of -10 - (-5 - -8 - (-16 - 33) - (-15 - -14))?
-63
Calculate 19 + 0 - ((117 - 16) + -83).
1
What is -25 - (-47 + 3 - -45)?
-26
Evaluate -121 - -31 - 4 - -46.
-48
What is the value of 17 + -70 - (-429 - -272)?
104
Evaluate -33 - -41 - (9 + 0) - 2 - (13 + 9).
-25
(0 - 5 - (-14 + (-22 - -12))) + (18 - 13)
24
What is the value of -96 - (-27 - (-6 - -17 - 8))?
-66
What is the value of -10528 - -10490 - (1 - -1)?
-40
What is (-7 - (5 + -3)) + -815 + 791?
-33
(-17 - -20 - (61 + -29)) + 152
123
Evaluate (-16699 - -16707) + ((-4 - -2) + 13 - (0 + 0)).
19
15 + 38 + -53 + (6 - -9)
15
Calculate (1 - (0 + -2) - -6) + -43 + 32.
-2
38 + -18 + (1 - 6) + 101
116
Calculate 0 + 14 + -59 + -18 + 82 + 4.
23
What is -9 - ((0 - 1) + -8 - (-762 - -739))?
-23
Evaluate -25 + (-3 - -2) - (-185 - -198).
-39
What is (2 - (-13 - ((5 - -4) + -10))) + 105?
119
What is the value of -20 - 13 - (3 - (32 + -35) - (1 - 5))?
-43
(334 - 316) + (-22 - -2)
-2
-166 + 24 + 107 - (1 + -31)
-5
-72 - (82 + -100) - (3 - (-7 + -1))
-65
-1 - 4 - -111 - (25 + -10 + 0)
91
What is -25 + 25 + 15 + -17 + (0 - 3)?
-5
What is -24 - (34 + -70) - 64?
-52
Calculate -9 + (8 - (-7 + -4)) + -22 + 11 - -63.
62
0 - 35 - (-1200 + 1215)
-50
What is -9 + 0 - ((-5 - (9 - 27)) + 0 - 19)?
-3
Evaluate 265 + -248 + (-2 - 3 - 3).
9
-592 + 583 + (27 - -1)
19
What is the value of -21 + 0 + 28 - ((-5 - -6) + 4)?
2
What is the value of (2 - (-11 - -3)) + (-31 - (1 - 25)) + -48?
-45
What is the value of -151 - (-106 + -73 - -114)?
-86
Evaluate -40 - 55 - -80 - 4.
-19
Calculate -3 + 1 - ((26 - 7 - -6) + -23).
-4
What is the value of -98 - 0 - ((-6 - -15) + -15 + 12 + -4)?
-100
What is the value of (-9 - (-6 - 22)) + -22 + (85 - -9)?
91
Evaluate (-17 - 77) + 115 - (-2 - -4 - 2).
21
What is (-2 + 2 - 3) + -89 - (258 + -41 + -221)?
-88
Evaluate -279 + 297 + (-22 - 132).
-136
What is (-2384 - -2457) + (-26 + -4 - 3)?
40
Calculate 2 + 23 + (21 + 1 - 35) + -13.
-1
Evaluate (-6 - 311 - -135) + 152.
-30
What is the value of (-22 - -30) + 70 - 23 - 14?
41
Evaluate (-19 + (39 - 30) - (-17 + 1)) + 0 - -11.
17
Calculate 79 - (-270 + 144 + 66).
139
Calculate 361 + -315 - (19 + 105).
-78
Calculate 5 + (138 - 135 - (-4 - -2)).
10
Evaluate 1 - (-13 + (9 + 3 + 6 - 10)).
6
What is -116 - -20 - (10 + -26 - 13)?
-67
Evaluate -103 + (7 - 31) + 24 + 26.
-77
What is the value of -10 + (-8 - -6 - -25 - -42)?
55
Evaluate -156 + 162 - (56 - (5 + 5 + -5)).
-45
-18 + 10 - (53 + 9 + -30)
-40
What is (13 - -61 - -76) + -103?
47
Evaluate -2 + -2 + 13 + 10 + 2 + -16 - 28.
-23
Calculate -9 + 11 + 44 + -85.
-39
What is -59 + (-105 - -72) + 56?
-36
Calculate -2 - (-2 + 3 - 7 - (4 + -5)).
3
What is the value of -23 - (-134 - (43 - 113))?
41
Ev